-19?
15
Suppose 10*j = 78 + 32. Suppose -2*u + 84 = 2*u. Calculate the remainder when u is divided by j.
10
Suppose 0 = 3*u - z + 5, 2*z = -5*u + 3*z - 5. Suppose -6*m + m = -4*w - 737, u = -3*m - 3*w + 426. What is the remainder when m is divided by 37?
34
Suppose p + c = 0, 0 = -2*p - p - 4*c. Suppose 8*h - 6*h + 86 = p. Let v = -5 - h. Calculate the remainder when v is divided by 20.
18
Let h(y) = 11*y - 43. What is the remainder when 1/(-2)*11*-6 is divided by h(5)?
9
Let f(m) = 14*m - 9. Let s(i) = i + 1. Let p(k) = -f(k) + 6*s(k). Let z be p(10). Let c = 148 + z. What is the remainder when c is divided by 28?
27
Let h = 798 - 761. What is the remainder when h is divided by 25?
12
Let w = -50 - -55. What is the remainder when (0 - w*-2)/2 is divided by 4?
1
Let v(f) = -78*f - 3. Let r be v(-2). Suppose -5*a = 4*b - r, -2*b - 57 = -2*a - 3. What is the remainder when 115 is divided by a?
28
Suppose 5*m + 4*q - 30 = 14, -4*m + 4*q + 64 = 0. Suppose 215 = 5*v + u, -v + 24 = -0*u + 4*u. What is the remainder when v is divided by m?
8
Let h = 21 - 16. Suppose 2*o - 4 = 2, -3*x = -h*o - 117. What is the remainder when 130 is divided by x?
42
Let k(x) = -x**3 - 11*x**2 - 16*x + 18. Let o be k(-9). Suppose o = -3*z - 0*c - 3*c + 84, 3*z = c + 72. What is the remainder when 147 is divided by z?
22
Let w(t) = -11*t - 22. Let x = 51 - 15. What is the remainder when w(-8) is divided by x?
30
Suppose 3*r - f + 2*f = 56, -5*r = -f - 104. Suppose 3*z - 3*v = 288, -11*z + 10*z + 2*v = -95. Calculate the remainder when z is divided by r.
17
Suppose 2*v - 12 = -3*m, -6*m = -4*v - 5*m + 38. Calculate the remainder when 503 is divided by v.
8
Let y(j) = -15*j**3 - j**2 - j. Let l be y(-1). Suppose 3*f = -0*f + l. Let p(n) = n**2 + 5*n + 4. What is the remainder when p(f) is divided by 14?
12
Let o = 410 + -388. Calculate the remainder when 393 is divided by o.
19
Calculate the remainder when 81 - ((-64)/8 - -16) is divided by 15.
13
Let l(p) be the third derivative of p**5/60 + 7*p**4/24 + 3*p**3/2 - 6*p**2. Let c be l(-6). Calculate the remainder when 46 - 0*c/3 is divided by 16.
14
Let w = 621 + -575. What is the remainder when 141 is divided by w?
3
Suppose 2*f - c - 95 = 0, -3*f + 102 = 4*c - 35. What is the remainder when f is divided by 6?
5
Let s(y) be the second derivative of 1/20*y**5 + 0 + 0*y**4 - 2/3*y**3 + 3/2*y**2 + 4*y. Calculate the remainder when s(3) is divided by 11.
7
Suppose 46 = 3*y - 59. Let l(a) = -4*a - 15. What is the remainder when y is divided by l(-6)?
8
Let w = 310 - 281. Calculate the remainder when 62 is divided by w.
4
Calculate the remainder when -4 - (-2 - (3 + -2)*83) is divided by 12.
9
What is the remainder when (-8)/(48/(-5442)) - 8 is divided by 53?
51
Suppose 3 = -q + 6, -3*b - 117 = 4*q. Let i = b - -62. What is the remainder when 18 is divided by i/5 + 2/10?
2
Let h = 4 - -11. Let o = 13 + h. Suppose 0 = -g - 3*j + 20, o = -4*g + 2*j + 80. Calculate the remainder when 25 is divided by g.
11
Let d(l) = l + 4. Calculate the remainder when (-5)/(16/(-6) + 530/318) is divided by d(0).
1
Let r(f) = -43*f - 514. What is the remainder when r(-17) is divided by 60?
37
Suppose 771 = 9*v - 813. Suppose 3*k + 5*k = v. Calculate the remainder when k is divided by 10.
2
Suppose 0 = 4*z - 5*m, -4*m = -2*m. Suppose z = 3*n - 161 + 38. What is the remainder when 122 is divided by n?
40
Suppose 381 = 16*l + 93. Calculate the remainder when 101 is divided by l.
11
Suppose 3*g - b = -3, -b - 2 = 2*g + 5. Suppose 0*n + p + 376 = -4*n, -4*n + 3*p = 376. Calculate the remainder when n/(-3) - g/(-6) is divided by 17.
14
Let x(s) = -s**3 - 7*s**2 - 3*s + 12. Let u be x(-6). What is the remainder when 46 is divided by ((-84)/(-8))/(u/(-8))?
4
Calculate the remainder when 119 is divided by 63/(-84)*(-64)/2.
23
Let n = 30 - 14. Let x be (n/(-12))/((-2)/3). Suppose 0*p + 24 = x*p. Calculate the remainder when 23 is divided by p.
11
Let a(t) = -4*t - 28. Let l be a(-8). Suppose -l*i + i = -51. Calculate the remainder when 79 is divided by i.
11
Let s(u) = -u**2 - 5*u + 17. Let w be s(-7). Suppose 3*t = -w*t + 132. Let o(d) = 16*d + 1. Calculate the remainder when o(4) is divided by t.
21
Let z = 451 - 296. Calculate the remainder when z is divided by 50.
5
Let f(i) = -2*i**2 - 2*i + 7. Let b(t) = 44 + 39 - 82. Let k(q) = 5*b(q) - f(q). Calculate the remainder when k(-3) is divided by 4.
2
Let d(a) = a**3 + 5*a**2 + 3*a + 3. Let g be (-30)/7 - 10/(-35). Calculate the remainder when 12 is divided by d(g).
5
Let b be -2*(1 - (-5)/(-4))*58. Let l = 46 - b. Suppose -31 = -4*f + 217. Calculate the remainder when f is divided by l.
11
Let k be (2/6)/(3/18). Suppose 0 = i + k*i - 12. Suppose i*c = -20, 0*q + 2*c - 2 = -q. Calculate the remainder when 34 is divided by q.
10
Let j(d) = -7*d**3 - 78*d**2 - 11*d + 21. Calculate the remainder when 152 is divided by j(-11).
5
Let j = -11 + 19. Suppose 0 = -8*y + 10*y - j. Suppose y*r + 0*r - 44 = 0. Calculate the remainder when 41 is divided by r.
8
Let b = 54 - 27. Let c(l) = -l + 2. What is the remainder when b is divided by c(-8)?
7
Suppose 2*v - 2*w - 15 = v, -3*v + 54 = -3*w. Calculate the remainder when v is divided by 8.
5
Let o(j) = -j**2 - 4*j + 39. What is the remainder when o(0) is divided by 13?
0
Let w = 407 + -399. What is the remainder when 92 is divided by w?
4
Suppose 3*q = l + 830, -3*l + 129 = -q + 419. What is the remainder when q is divided by 14?
9
Suppose 5*b + 2*a = 20, 2*b = -2*b - a + 19. Suppose b*h + 3 = 7*h. Suppose -2*z = -h*z + 82. Calculate the remainder when z is divided by 21.
19
Suppose -2*c + c + 98 = 0. Let b = c - -13. What is the remainder when b is divided by 29?
24
Let c = 272 + -173. Let q(y) = -6*y + 211. What is the remainder when c is divided by q(31)?
24
Calculate the remainder when 268 is divided by (-15180)/(-176) + 9/12 + -1.
10
Let b be (-1)/4 - (-21)/(-12). Suppose 12*n - 570 = -3*n. Let i = b + n. What is the remainder when i is divided by 14?
8
Suppose -5*r + 2*r + 5*n + 41 = 0, 83 = 4*r - n. Suppose 6*k - 44 = r. What is the remainder when 31 is divided by k?
9
Let f = 101 + -67. Calculate the remainder when f is divided by 6.
4
Let q = -922 - -947. What is the remainder when 80 is divided by q?
5
Suppose y - 3*y = -3*b + 56, -3*y - 34 = -2*b. Let i(l) = -l**3 - 8*l**2 - 10*l - 9. Calculate the remainder when b is divided by i(-7).
8
Let g = 469 - 424. Suppose l + 544 = 2*i - 3*l, l = -3*i + 802. Calculate the remainder when i is divided by g.
43
Let s = -313 - -383. What is the remainder when 413 is divided by s?
63
Suppose -2*y + 31 = 3. Let x(j) = j**2 - 11*j - 36. Calculate the remainder when x(15) is divided by y.
10
Let t = 25 - 9. Let z = -307 - -384. What is the remainder when z is divided by t?
13
Let p = -89 + 90. Let u = p - -10. Calculate the remainder when 17 is divided by u.
6
Let y(z) be the first derivative of -z**4/4 - 14*z**3/3 - 7*z**2 - 3*z + 1. Let x = -146 + 133. What is the remainder when y(x) is divided by 4?
2
Let c be (36/(-42))/((-2)/7). Suppose -m - 16 = c*m. What is the remainder when 17 is divided by ((-10)/m)/((-7)/(-14))?
2
Let j be 2/(-6) - (2 - (-64)/(-12)). Suppose 142 = j*z - 5*r - 105, 93 = z + r. Calculate the remainder when z is divided by 23.
20
Let f(l) = 131*l**2 - 3*l - 2. Let c be f(-1). Suppose 128 + c = 4*i. Calculate the remainder when i is divided by 17.
14
Let v = -144 + 169. Calculate the remainder when 40 is divided by v.
15
Suppose 4*w - 17 = -4*y + 95, 2*y - 88 = -3*w. Suppose -4*u = 53 - 81. Calculate the remainder when w is divided by u.
4
Let o = 2 + 7. Let a be 6/4 - o/6. What is the remainder when 12 is divided by a - (-1 + 3 - 9)?
5
Let i(k) = 3*k**3 - 3*k**2 - 5*k + 3. Let w be i(3). Suppose 6*r + 0*r = w. Calculate the remainder when 20 is divided by r.
6
Let r(b) be the third derivative of 0 + 4*b**2 - 1/8*b**4 - b**3 + 0*b - 1/120*b**6 - 1/20*b**5. Calculate the remainder when r(-5) is divided by 15.
14
Let s(r) = r**3 - 21*r**2 + 48*r - 68. Calculate the remainder when s(19) is divided by 32.
26
What is the remainder when 26 is divided by (-49)/(-8) + 1 - (-13)/(-104)?
5
Let x = 21 - 12. Suppose 2*s + 5*n - 8 - 1 = 0, 0 = -2*s - 4*n + 14. Calculate the remainder when s is divided by x.
8